9)).
4
Evaluate 90 + (-108 - (19 + -9)).
-28
(56 - (0 - -1)) + (-77 - (32 - 101)) + -9
38
11 + -7 + (-7 - ((8 - 6) + -3))
-2
Evaluate (16 - 128) + -256 + 328.
-40
Calculate 36 + 30 - (8 - 3) - 13.
48
What is the value of -127 - 3 - (-847 - -673)?
44
3 - -5 - 1 - ((-27 - -9 - -9) + 77)
-61
Calculate -3501 + 3616 - (1 - -81).
33
Evaluate -57 + (9 - (9 + 2 + (14 - 29))).
-44
What is the value of 138 + -87 + (3 - -7 - 3)?
58
(131 - -66) + -189 - (2 - (1 - 1))
6
Calculate (-95 - 2) + 3267 + -3094.
76
Calculate 24 + 5 + (-147 - -103) - -55.
40
Calculate -1 + (-1 - -5) + 15 + 33 + -57.
-6
Evaluate -13 - 0 - ((-3 - 38) + 56 + -38).
10
Calculate 29 + 3 - (-387 + 427) - (52 - (0 + 0)).
-60
119 + -6 + (-31 - -52) - 29
105
What is the value of 25 + 343 + -348 + -11 + 0 + -38?
-29
What is the value of -2 + (9 - (-2 + -2)) + (87 - 54)?
44
What is the value of (-110 - (-3 - -7)) + (4114 - 4131)?
-131
What is -60 - (7 - (12 + -21) - 36)?
-40
Evaluate (-40 + 1 - (-630 + 647)) + (-2 - 18).
-76
Calculate 18 - 21 - (-11 - -8) - 24.
-24
What is 172 + 100 + (13 - 241)?
44
What is -13 + 9 + 71 - (13 + -25)?
79
What is the value of (-33 - (-7 + -34)) + -3 + 35 + 3?
43
Evaluate 1 - (2 + -2) - 11 - (10811 - 10865).
44
What is -54 + (12 - (-61 - -25))?
-6
What is the value of -2545 + 2406 - (1 + 3)?
-143
What is the value of -9 - 1 - (-1173 - -1123)?
40
Calculate 5 + (2 + -2 - -7 - -5) + -22.
-5
What is the value of 29 + (10 + -31 - -24)?
32
-26 - (6 + (-18 - (4 - 7)) + -2)
-15
Evaluate (10 + -8 - -8) + -18 - (28 + -6 + -2).
-28
Calculate 16 + (0 + 1 + 2 - (736 - 568) - -12).
-137
Evaluate (-36 - (-22 + -6 + 17 - -9)) + (-9 - 1).
-44
What is the value of 3 + -16 + (-19 - 5) + (85 - 47) + 2?
3
What is (-35 + 87 + -22 - -48) + 12?
90
Evaluate -47 + (69 - (43 - (-32 - -37))).
-16
What is 18 - (71 - 20 - 43)?
10
What is (9 - 6 - 15) + (143 - 4) + (-33 - -53)?
147
What is 154 + -146 + (14 - 8 - 1 - -8)?
21
What is -2 + -3 + 7 + 9 + (-93 - -70) + 13?
1
What is the value of (4 - (-7 - (7 - (29 + -4)) - -60)) + 2?
-65
Calculate (5 - 5) + -12 - (1164 + -1155).
-21
What is the value of 6 + (-85 - (6 + -33 + 6))?
-58
0 + 87 - (8 + -22 + 38 + -7 - 26)
96
What is the value of 23 - ((42 - (-15 + 35)) + -42)?
43
Evaluate 23 + (54 - (11 - -17)) - 3.
46
35 + (28 - -1) + -41
23
Calculate -5 + 30 + -25 + -23.
-23
Calculate (4 - 63) + 670 + -653.
-42
What is ((3 + 1 - 11) + (100 - 4) - 11) + 8?
86
What is the value of 55 - (101 + 2 - 23)?
-25
Calculate -5 - (-9 - (-44 + 18 + 9 - 15)).
-28
What is (-15 - ((-5 - -35) + -16)) + 5?
-24
What is the value of (-4 - (-28 + 21)) + -25 - (13 + -1)?
-34
(24 + -7 - ((-4 - -1) + 5 + 1)) + 0
14
2 + (0 - 0) + (-1 + 53 - (1753 + -1694))
-5
Evaluate -766 + 832 - (-2 + (3 - -4) + 0).
61
Calculate (-111 - -103) + -21 + -10.
-39
Evaluate 0 - (1 - 1) - (34 + 21 - -3 - 52).
-6
Calculate -202 - (79 - 200) - -109.
28
Evaluate 66 + (-4 - -8) - (116 + -141).
95
Calculate 62 - (26 + 270 + -100).
-134
What is -45 + 39 - (25 + -12 - 3)?
-16
Evaluate (-11 - (90 - 266)) + -58.
107
What is (34 - (14 - -15)) + 11?
16
Evaluate -95 + -1 + (-8 - (12 - 9)).
-107
Evaluate -102 + (-30 - (23 - (49 - 0))).
-106
(-14 - 20) + (1 - (5 - -7) - (3 + -2))
-46
Calculate 14 - 1 - 2 - ((-4 - -39) + 6 + 8).
-38
What is the value of 10 + (4 - 0) + -18 + 209 + -202?
3
-2 + (0 - 2 - -11) - (164 - (71 - -155))
69
What is -21 - (45 - -28 - 31)?
-63
What is the value of 18 + -20 - (-17 + 1 + -5)?
19
6 - -3 - (-13 + (13 - -2) - -8)
-1
What is the value of (76 - -20) + (-5 + 6 + -2 - (-2 + 14))?
83
-9 - (46 + -15 + -37 - 62)
59
Calculate (0 - -19) + -2 - (6 + (12 - (18 + 1))).
18
What is the value of (1 - 9 - -3) + (37 - (5 - -20) - 30)?
-23
What is the value of (88 + -1 - 119) + 129?
97
(5 - -2) + (9 - 0) + -8 + 16 + -10
14
9 + 1 + 2 + -74 + -36 + 87
-11
What is the value of -3 + 44 + (-54 - -15) + -69?
-67
(-3 - (80 - (-33 - -30))) + 13
-73
Evaluate 185 + -59 + -54 + -43.
29
Evaluate 8 + 1 + 76 + -12 - (-12 + 2 + -2).
85
What is the value of 0 + 12 + -36 + 22 + (0 - -7) + -18?
-13
What is the value of (-2 - 0) + (3 - 2) + 12 - 46?
-35
1302 + -1390 - (-43 + 0)
-45
Evaluate -7 - (-3 - 39) - (-55 - (43 - 98)).
35
What is -31 + 0 - (0 + -19 + 425 + -406)?
-31
42 + -40 + 25 - ((0 - -1) + 0 + 1)
25
Calculate -2 + 17 + (-13 - -34) + 21.
57
Evaluate -7 + (121 - (-121 - -251)) + 1 + (-1 - -3).
-13
What is 79 + (29 + -36 - (-36 + 30 - (-1 - 0)))?
77
Evaluate 69 + 1 + -20 + (6 - -12 - 13 - -5).
60
What is the value of -2 - -1 - (-87 - -68)?
18
What is the value of 14 - (-31 - (-59 - -18)) - (60 - -1)?
-57
What is the value of (-2 - 0 - (-8 - -2)) + (57 - (9 - -77))?
-25
Calculate (4 + -6 + 0 - (-37 + 54)) + 60.
41
Evaluate (6 - 24) + 106 + 0 + 2 + 9.
99
What is the value of 55 - (53 - (-54 - -18))?
-34
Evaluate (114 + -72 - 14) + 63.
91
What is -4 - (-2 - -11) - (-8 + (4 - (-87 - -8)))?
-88
Evaluate (-37 - -1) + (543 - 515).
-8
(-18 - (2 - 5)) + (-3 + 24 - 18) - 26
-38
Evaluate (-1 - (1 - 1) - -28) + (137 + -261 - -122).
25
What is 128 + 4 - (25 + 62)?
45
What is -6 - -3 - (-45 - -5) - (-9 + (-5 - -19))?
32
Calculate (-41 - (92 - 68)) + 2.
-63
(-32 - (44 + -29)) + 18
-29
411 + -386 + (-4 - 4 - 94)
-77
45 - 1 - ((1 - 30) + (840 - 812))
45
What is -9 + (50 - (-14 + -12 + 5 + 35))?
27
Calculate 174 + -80 - (2 - -45).
47
Evaluate (-93 - (-65 - 59)) + -130.
-99
Evaluate 0 + -6 + (58 - -6) + -16.
42
Calculate (-16 - -12) + -5 - -54 - 22.
23
Calculate (-1 + -4 - (-6 + 2)) + -6 + (-389 - -348).
-48
16 - (-9 + (-1 - 13)) - (2 - -6)
31
What is 15 + -42 + 50 + -46 - (0 - 64)?
41
Evaluate 46 - (-22 + 78 + 28).
-38
Calculate -98 - (-128 + 86 + -91).
35
Calculate 79 + -64 + 0 + -11.
4
Calculate 40 + -77 + 32 + -3.
-8
(0 + -19 + 11 - (-13 - -3)) + -71
-69
What is 1 + (-34 - -10 - -13) + -76 + 20?
-66
Calculate (0 - -15 - 5) + 14 + 27.
51
(0 - 2) + 14 - (3 - (15 - (46 + -24)))
2
3 - (77 + 13 + 15 + -18)
-84
What is 1 + -3 + (2 - 0) + (-70 - (-21 + -8))?
-41
-45 - 3 - (209 + -230)
-27
Calculate -25 - 0 - 2 - (-15485 - -15533).
-75
What is the value of -1 + -46 - (1038 - 1077)?
-8
Evaluate 14 + (-24 - (19 - (6 + 19))).
-4
(4 - -1 - (-15 - -24)) + 28 + -60 + -20
-56
What is 5 + -1 + (0 + -11 - (-107 - (-42 + 36)))?
94
Calculate -66 + -3 + -234 + 264 - 79.
-118
Evaluate 10 - (195 + -92 + -48).
-45
Evaluate 3 + (63 - (-6 + 70)).
2
What is the value of (6 - 1 - (-162 - -159)) + (76 - -9) + 8?
101
Evaluate -120 + (-66 - -180) - (0 + 0 + (-10 - -2)).
2
-6 + 1 + -15 + 42 + -17 + 4 + -10
-1
What is the value of -264 - (-227 + -46) - (1 - 59)?
67
Calculate -4 + 2 + 0 + (-105 - (78 + -62)).
-123
What is the value of (2 - 52) + (327 - 318 - (-1 + 0))?
-40
-9 - (0 - -2 - -1) - (-50 + 44)
-6
Evaluate (13 + -3 - (389 - 387)) + -10 + 0 + 13.
11
What is -39 + 72 + -48 + 66 + (-3 - 2)?
46
What is (158 - 63) + -6 + -10 + -7 - (0 - -7)?
65
What is the value of -64 - -106 - (-11 + 1 + 111)?
-59
What is the value of 6 + -5 + 3 + (9 + -4 + -4 - -30)?
35
Calculate 74 - 87 - (-30 - 11).
28
What is (124 - 0) + 4200 + -4408?
-84
Evaluate 226 + -210 + 2 + -4 + -12 - 2.
0
What is the value of -102 - (-49 - 25) - -64?
36
What is (13 - 26) + (1 - 8) + -11 + -6?
-37
-121 + (117 - 81) + -24
-109
What is the value of -574 - -1036 - 473 - ((-16 - -2) + 2 + 1)?
0
Evaluate 3 - 2 - (-7 + (1 - -15) + -23).
15
-1 - 2 - (-15 + 43 - 40 - (-1 - -2))
10
-14 - (30 + (-33 - -13))
-24
What is (34 - -11) + -8 - 75?
-38
Calculate (-6 + 1 + 12 - 8) + 42 + 3.
44
What is the value of -13 + 1 + (-48 + 92 - 28) - 33?
-29
What is the value of 91 + -81 - (-29 + 10) - 91?
-62
Calculate -36 + 11 + (124 - 122) + (6 - 2).
-19
What is (0 - 2) + 60 + -89?
-31
What is the value of -101 + (-1 - (-103 - 50))?
51
What is the value of (-24 - 11 - -27) + (15 - 28) + 109?
88
Evaluate (-3 - ((2 - 11) + 3)) + -3 - (-1411 - -1374).
37
What is the value of 1 + (-3 - (-10 + -47 - 20))?
75
Calculate -26 - (-15 - 5) - -21.
15
Evaluate -7 + -1 + -4 + 22 + 19 + -20.
9
Evaluate (-14 - -30) + (-50 + 7 - -3) + 10.
-14
Calculate -9 + (81 - 43) + -56 + 113.
86
Calculate 16 + -24 + -7 + 13 + 9 - 58.
-51
What is (9 - -41) + (15 + (8 - 6) - 0) + -5?
62
Calculate 119 + -192 + 86 + -46.
-33
Calculate -256 - -260 - (-2 + -2 + -2).
10
Calculate (-502 - -457) + (-1 - -63).
17
What is the value of 1 - -1 - (